0390981 a prime number?
True
Is 25316008453 prime?
False
Is 2397836369 a prime number?
True
Is 3368149747 a composite number?
True
Is 15341920283 a composite number?
True
Is 107917993843 prime?
False
Is 13034231339 composite?
False
Is 2618230897 prime?
False
Is 118058653 a prime number?
False
Is 12416801939 a composite number?
True
Is 16069092001 prime?
False
Is 10326746741 prime?
True
Is 1632956807 prime?
False
Is 1337216393 a composite number?
True
Is 627825781 prime?
False
Is 2486996749 a composite number?
True
Is 17741333 prime?
False
Is 1395834754 a composite number?
True
Is 1349406991 a composite number?
False
Is 15033286883 a prime number?
False
Is 3897870043 a prime number?
False
Is 364996589 prime?
True
Is 206891361097 prime?
True
Is 171403201 composite?
True
Is 19295335721 a composite number?
False
Is 113973120827 a prime number?
True
Is 1999606649 a composite number?
False
Is 276754747 a composite number?
True
Is 417355781 a prime number?
False
Is 37844047477 a composite number?
False
Is 42440114399 a prime number?
False
Is 6461328319 a prime number?
True
Is 577869727 composite?
True
Is 42995732774 prime?
False
Is 68582713 a prime number?
True
Is 937448111 a prime number?
True
Is 551515801 composite?
True
Is 11299412017 prime?
True
Is 106521721 a composite number?
False
Is 16776108689 composite?
False
Is 5691830303 a composite number?
False
Is 71415141761 a composite number?
True
Is 8072915063 a composite number?
True
Is 1523427251 a prime number?
False
Is 140043732511 prime?
True
Is 53921340359 prime?
True
Is 1617207089 prime?
False
Is 8211120923 composite?
False
Is 7656211819 a composite number?
False
Is 5360177929 a prime number?
True
Is 90209146331 a composite number?
True
Is 1218423959 a composite number?
False
Is 608746441 prime?
False
Is 42966466109 prime?
False
Is 62847907 prime?
True
Is 143056509103 composite?
False
Is 72889651961 a composite number?
True
Is 1703828827 prime?
False
Is 20990879777 composite?
True
Is 40266169114 composite?
True
Is 277052687 a prime number?
False
Is 2786784047 a composite number?
False
Is 413945489 prime?
True
Is 3909974303 a prime number?
True
Is 1302755063 a composite number?
False
Is 6571994071 prime?
False
Is 1258394717 composite?
True
Is 3955742617 prime?
False
Is 2104529033 prime?
True
Is 3398600693 a composite number?
True
Is 14068236577 prime?
False
Is 20069471857 a composite number?
False
Is 105764210699 a composite number?
True
Is 1170302557 prime?
True
Is 1224246557 a composite number?
False
Is 52616210393 composite?
False
Is 5194501049 composite?
False
Is 1721156357 a composite number?
False
Is 276630469 composite?
False
Is 5112322027 prime?
False
Is 13783542281 prime?
False
Is 686202857 composite?
False
Is 940948391 a prime number?
False
Is 594254387 a composite number?
False
Is 991621361 a composite number?
True
Is 7958398267 prime?
False
Is 54794713 composite?
True
Is 416160259 prime?
False
Is 8958760639 prime?
False
Is 8830547174 a composite number?
True
Is 24483484121 composite?
False
Is 40234734847 composite?
False
Is 13892732831 composite?
False
Is 37390151 composite?
True
Is 2368582331 prime?
False
Is 7700907113 composite?
False
Is 4366481243 composite?
True
Is 1073404394 composite?
True
Is 81299228137 composite?
False
Is 3724279873 a composite number?
False
Is 17562881563 a prime number?
False
Is 774750761 composite?
True
Is 2741598533 composite?
True
Is 138594688577 prime?
False
Is 10921371449 a composite number?
False
Is 111040353401 composite?
False
Is 4872375674 composite?
True
Is 144517369 a composite number?
False
Is 26508907207 composite?
False
Is 2991159173 a prime number?
False
Is 24830423693 prime?
True
Is 29020658567 a prime number?
False
Is 81896741 composite?
False
Is 5023175683 a composite number?
False
Is 2721575627 a prime number?
False
Is 3609620233 prime?
False
Is 560371247 a composite number?
True
Is 337354679 a prime number?
False
Is 5981126791 a prime number?
True
Is 2035929241 a composite number?
True
Is 50957375809 prime?
False
Is 254009311 prime?
False
Is 913618661 prime?
True
Is 704378201 a prime number?
True
Is 204874609 a prime number?
False
Is 5466051359 a composite number?
True
Is 3614544698 a composite number?
True
Is 2293827133 a prime number?
False
Is 68772199 composite?
True
Is 7273660453 prime?
True
Is 485300243 prime?
True
Is 176758091 prime?
False
Is 27259077539 a composite number?
True
Is 26096405431 prime?
True
Is 5169236213 a composite number?
True
Is 1788741741 composite?
True
Is 45196491 a composite number?
True
Is 155611188737 a prime number?
True
Is 613389197 prime?
True
Is 17349565561 prime?
False
Is 21387981913 prime?
False
Is 12396780881 prime?
True
Is 9392951731 a composite number?
False
Is 13659971119 composite?
False
Is 1082374329 prime?
False
Is 60290553667 a prime number?
False
Is 27477209 a prime number?
False
Is 4146279721 composite?
False
Is 11369614363 composite?
False
Is 6949394833 a prime number?
True
Is 543099031 prime?
True
Is 169788739 composite?
False
Is 415163587 composite?
False
Is 2694591509 a prime number?
True
Is 24107685857 composite?
False
Is 7433910469 prime?
True
Is 1208572549 a composite number?
False
Is 2647350443 prime?
False
Is 7754398097 prime?
False
Is 5395981013 a prime number?
False
Is 38175211171 a composite number?
True
Is 3471168991 composite?
False
Is 757351857 composite?
True
Is 2373473681 prime?
True
Is 10995694901 a composite number?
False
Is 7056938263 a composite number?
False
Is 2540717017 a prime number?
True
Is 10158626911 a prime number?
False
Is 128068410193 composite?
False
Is 10819528957 prime?
False
Is 221316027 a prime number?
False
Is 16555714073 composite?
True
Is 118114663 prime?
False
Is 481398683 composite?
True
Is 50673558181 a composite number?
False
Is 1953763753 a prime number?
False
Is 42881940137 composite?
False
Is 42595634927 a composite number?
False
Is 10459560071 composite?
False
Is 1023268363 a composite number?
True
Is 287271557 a prime number?
False
Is 12946732951 prime?
True
Is 56760321419 composite?
False
Is 1227827383 a prime number?
False
Is 35164103245 composite?
True
Is 4814135941 prime?
True
Is 11223925039 a composite number?
False
Is 3503317351 composite?
True
Is 54316151 composite?
False
Is 30277237 composite?
True
Is 3573052177 prime?
False
Is 9104267 prime?
True
Is 105261369337 composite?
False
Is 8468852809 composite?
False
Is 6325637467 composite?
True
Is 16045258417 a composite number?
True
Is 1989393083 a prime number?
True
Is 12113106571 a prime number?
True
Is 20441879191 composite?
False
Is 16875968311 prime?
False
Is 326959991 prime?
False
Is 4695184447 composite?
True
Is 12939066071 prime?
False
Is 11624189639 a composite number?
True
Is 1223027789 a composite number?
False
Is 3631515353 a prime number?
False
Is 3572761121 a composite number?
True
Is 12360581873 a prime number?
True
Is 6996082147 a prime number?
False
Is 4161732853 composite?
False
Is 64799306566 prime?
False
Is 103014893 a composite number?
False
Is 1902196007 composite?
True
Is 7559104793 a composite number?
True
Is 89630453501 a prime number?
True
Is 15348362149 composite?
False
Is 15093919987 a prime number?
True
Is 4080396953 a composite number?
False
Is 31035811 composite?
True
Is 9391958791 prime?
False
Is 904505143 a prime number?
True
Is 156388379019 composite?
True
Is 6018636838 a composite number?
True
Is 3490236881 a composite number?
False
Is 699548035 a composite number?
True
Is 153929827 a composite number?
False
Is 5351752787 a prime number?
False
Is 1161876341 composite?
False
Is 33014529781 a composite number?
False
Is 1466310733 a prime number?
True
Is 1039822979 prime?
False
Is 16919228377 composite?
False
Is 2490335587 prime?
True
Is 58469911 a prime number?
False
Is 185120829059 a prime number?
True
Is 4407827773 prime?
False
Is 600736523 a prime number?
True
Is 1487518079 composite?
False
Is 19613034379 a composite number?
True
Is 10072133233 prime?
True
Is 168580819 prime?
False
Is 23267506541 a prime number?
True
Is 1931306291 composite?
True
Is 255482093 composite?
False
Is 24462271367 composite?
False
Is 96138200083 prime?
True
Is 30619073929 a composite number?
False
Is 67854561791 prime?
True
Is 6027984331 a composite number?
False
Is 15785